) + 3 + 3 + (-13 - -12) + -14?
-24
0 - (11 + -4) - -10 - (4 - (9 + -16))
-8
Calculate (14 - 20) + 13 + -30 + 26 + 0 + -53.
-50
Calculate (-3 - 3) + -9 + 12 + (43 - -8).
48
Calculate -35 - -15 - -46 - (9 - -7).
10
Evaluate 6 + 4 + 13 + (2 - (12 + -4)).
17
What is the value of 55 - 48 - (-18 + 32)?
-7
Calculate -915 - -989 - (2 + 41).
31
What is (-14 - (-42 + -21)) + -43?
6
Evaluate 121 - 142 - (-7 - 3) - (-83 - 0).
72
Calculate 1 - (-11 - 2 - (-747 - -776)).
43
What is the value of (44 + 1 - (10 - 14)) + 18 + (6 - 27)?
46
What is the value of 97 + -101 + (-16 - 7)?
-27
What is -3 + 7 - (-57 + 14 + -23 + -2)?
72
Evaluate (39 - 7) + (-18 - (-19 + 14)).
19
What is the value of 13 - (10 + -9 - (6 + 14 + -23))?
9
What is the value of -6 + 23 + -24 - (0 + -24)?
17
What is the value of -24 + (52 - (-3 - -17))?
14
What is 4 + (15 - 18 - 5) + 15?
11
What is the value of -16 + (30 - (33 - 14))?
-5
Evaluate 60 + -137 + 17 + 85.
25
What is 12 + (30 - 66) + 102 - 19?
59
12 + 56 + -70 - (-56 + 2 - -2)
50
Calculate -93 + (141 - 32) + -32.
-16
(-1 - (-2 + -26)) + (-727 - -709) + -1 + 9
17
36 + -54 + -19 + -3 + 21
-19
What is the value of 16 + (1 + -53 - (-3 + 28 - (80 + -56)))?
-37
-24 - (-13 + (-58 - (19 - 33)))
33
What is -30 - -20 - (22 + -23 - (4 + -2 + 4))?
-3
Calculate 60 - 63 - (-35 + 6) - (-14 + -1).
41
Calculate 0 + 1 + 0 + (-78 - (-95 + 15)) - -60.
63
What is 0 - 23 - 54 - 32?
-109
What is (77 - 117 - (-6 - 1)) + 6 + 2?
-25
Evaluate -33 - (13 - ((2 + -6 - -10) + 19) - -20).
-41
Evaluate -96 - ((39 - 109) + -4).
-22
Calculate 11 + (-284 - -281) + (-1 - -7).
14
Calculate 115 + -85 + -14 + (-24 - (0 + -3)).
-5
Evaluate 3 + 124 + (-37 - (30 + -44)).
104
Evaluate -60 + (-189 - -202) + (-1 - 21) + 11.
-58
-12 + (-59 - -37) - -23
-11
Evaluate 69 - ((-59 - -81) + 42).
5
32 - (30 + -52 + 55)
-1
33 - 137 - (-32 - 104)
32
Calculate -1 + 0 + (20 - 1) - (-20261 - -20305).
-26
What is the value of -2 + 70 + -1714 + 1784?
138
What is the value of (24 - 7) + -139 + 89?
-33
What is 1 + 0 + 3 - 3 - -20 - (998 - 1007)?
30
What is the value of -4 + -2 + 3 - (-91 + 109 + 21 + -5)?
-37
What is 117 - (143 + (136 - 132))?
-30
What is -49 + (-5 - 5) + 3 + 2 + -11 + 10?
-55
What is -2 + (-12 - ((11 - -7) + -30)) + -16?
-18
What is the value of -92 + (35 - -70) - (-1 - -70)?
-56
Evaluate 7 + (-7 + 17 - 5) - (3 - 2) - -27.
38
Calculate 39 - (20 + -1 + 18 + -15 + -14).
31
((-4 - (8 - 9)) + 3 - (56 + -48)) + 20
12
Evaluate 220 - 137 - -23 - -10.
116
Evaluate -9 + -1 - (-7 - 5 - (-22 - 1)).
-21
Calculate (3 + 0 + 1 - (-5 + -30)) + (-397 - -405).
47
Evaluate (104 - 109 - (-1 + -13)) + -16 + (14 - -11).
18
Calculate 31 + -44 + (4 - -25) + -2 + (5 - -7).
26
Evaluate -79 + 94 + 9 + -9 - (-2 + 1 - 3).
19
What is the value of 68 - 2 - ((14 - (-11 + 10)) + -2)?
53
Evaluate -61 + -46 + (-27 - (-28 + -26)) + 0 + 5.
-75
0 + -13 + (10 - 3 - (-1 + 14)) + 12
-7
What is 2 + 9 - (-83 - (-119 + 74))?
49
What is 14 - (15 + 1 + -1 + (2 - -5))?
-8
Evaluate 10 + (77 - 52) + -45.
-10
What is the value of (-32 - (58 + -52)) + 31?
-7
What is the value of 21 - (10 - (61 - 86))?
-14
Calculate (50 - (-36 + 76) - 16) + -34 + -4.
-44
What is 22 + (-7 + -17 - -18) + 15?
31
19 - (4 - (-14 - -14 - -6 - -9))
30
What is the value of 23 + (-7 - 50) + (-56 - -60)?
-30
What is 6 - (16 - (-16 - (21 - 33)))?
-14
Evaluate 20 - (28 + (-27 - -12) - 7) - 88.
-74
What is the value of (-2 - 4 - (19 - 1)) + 36?
12
-19 - (16 - (-16 - -11) - 72)
32
-15 + (1 - -3) - (-124 - -83)
30
-13 + 1 + (39 - 309) + 316
34
(62 - 52) + 25 + 112 + -35
112
43 - (22 + 12 + (-46 - -19))
36
Evaluate (0 - 76) + -276 + 364.
12
What is -25 + (-25 - (-35 + (52 - 25)))?
-42
Calculate (-22 + 15 - 10) + 31 + -60 - -2.
-44
(-41 + -10 - -49) + (-3 - 44) + -2
-51
1 + 4 - (-5 - (17 + -53 - 16))
-42
What is 0 + 0 + 30 + (-911 - -897) + -11 - 98?
-93
What is the value of -6 - (12 - -4) - (-69 - -80)?
-33
Evaluate 92 - (91 + -41 + 4).
38
Evaluate (-4 - 1) + (-161 - (140 + -238)).
-68
-262 + 205 + (-33 - 3)
-93
What is -48 - -39 - (0 - (-37 + -6 + -1))?
-53
What is (-2 - ((-16 - -9 - -4) + 10)) + -45 + 1?
-53
What is -16 + (-44 + 0 - (80 + -70 - 10))?
-60
Evaluate 93 + -181 + 24 - (-2 - (1 - 4) - 6).
-59
Calculate -67 + (1 - (-24 - -47) - -31).
-58
What is the value of (45 - -7) + -29 + 8 + -3?
28
What is (-95 - -104 - 107) + 110?
12
Calculate 20 - -11 - 17 - 19 - 94 - -7.
-92
What is -56 - (-41 + -17 - -9)?
-7
What is the value of (78 - 141) + 59 + 0 + 61 + 0?
57
Calculate (1 + -3 - 60) + (-2 - (-6 - -9) - -6).
-61
Evaluate ((1 - -2) + 0 - 87) + (3896 - 3885).
-73
What is 3 + -37 + (423 - 387) + -116?
-114
Evaluate -16 - ((36 - (27 + -23)) + -93).
45
What is 4 + (-3 - 6) - (-53 + -19 + 22 + -11)?
56
Calculate 41 + 6 + -16 + (11 - -4 - 12).
34
Evaluate -12 + -12 - (10 - (4 + -3) - (-23 + 25)).
-31
What is 36 - ((-7 - -2) + -36 + 34)?
43
What is the value of (-24 - -55 - 32) + -16 - (-2 - 113)?
98
What is (33 + -44 - (-18 - -3)) + -3 + -4 + -28?
-31
Calculate (-3 - (9 + -13 - 11)) + (-11 + 13 - 4).
10
What is the value of 9 - 6 - (13 + (5 - 3)) - -50?
38
Calculate 17 + (-55 - -1) + (1 - (-1 - -7)).
-42
Evaluate 0 - (4 - (1 + 3 + -17 + 8 + 76)).
67
What is the value of -24 - (58 - (-4 + 133))?
47
What is the value of (37 - 151) + (65 - 3)?
-52
What is the value of (-12 - (5 - 1)) + -1816 + 1850?
18
Evaluate -5 + -3 + 30 - (-1 - (-10 - (-10 - -11))).
12
What is the value of -68 - (-23 - -10 - (14 + -28 + 19))?
-50
Evaluate 188 + -254 + 70 - (9 + -1 + 2).
-6
Evaluate -22 - 42 - -36 - -86.
58
What is -4 + 2 - (435 - 416)?
-21
Evaluate (-70 - -88) + (0 - (-25 + 12)).
31
Evaluate -6 - (-8 + -3 + (0 - -2 - 11)).
14
What is the value of 50 - (18 + (15 - (3 - (-9 + -1))))?
30
Calculate (-21 + 12 - (-12 - -2) - -3) + 36 + -1.
39
What is the value of (263 - 250) + 58 + -10?
61
(-28 - 0) + (10 - (24 + -15 + 16 + -17))
-26
Evaluate (537 - 552 - (-1 - 36) - -113) + -15.
120
What is the value of (6 + -11 - 1) + 17 - (-109 + 40 + -5)?
85
What is the value of (-1 - 0) + 29 + -13 + -40 + 13 + -1?
-13
What is the value of -1207 + 1219 - ((36 - -2) + 1)?
-27
Evaluate (-54 - 3) + -1 + -7 - (-3 + -3).
-59
45 - 47 - ((9 - 2) + -52 + -4)
47
Evaluate 8 + (-6 - -23 - 8) + 0 + 30.
47
What is the value of 6919 + -7037 + 68 + 1?
-49
Calculate 10 + (-9 - (-10 - -22)) + -148 + 43.
-116
85 + (59 - 13 - 79)
52
Evaluate 65 + -18 + -35 - (2 + 28 - 4).
-14
What is (2 + -9 - (-20 - (-14 - 7))) + -80?
-88
What is the value of -6 - (-4 + 39 - 82)?
41
Evaluate 11 + -11 + 13 + -9 - 5.
-1
Evaluate (-42 - (-45 + 11)) + 79 + -1.
70
(22 + -10 + -2 - -65) + 0 - 16
59
What is the value of -23 + (-16 + (-26 - -32) - 29)?
-62
162 + 3 + -378 + 92
-121
What is the value of 34 + -29 - (16 + 29)?
-40
What is the value of 17 + -6 + (24 - 36) + 49?
48
What is the value of 35 - (16 - (-15 - 22 - -36))?
18
39 + (1 - -9) + (29 - 17) + -11 + -1
49
What is -19 + (-19 - -19) - 25 - -17?
-27
59 + (71 - (-108 + 221))
17
Calculate -2 - 9 - (31 + (-9 - 27)) - (28 - 4).
-30
Evaluate 3 + (24 - (103 - -22 - 28)).
-70
What is the value of -80 - -51 - -24 - -78?
73
Evaluate (0 + 1 - -99 - -4) + (-22 - -9) + 9.
100
What is 20 + -46 + -32 + -8 + 37?
-29
What is the value of 14 + (6 - 0) + (-75 - (-20 + -27))?
-8
What is -16 - (18 + -18 - (20 - -27))?
31
What is the value of -23 + (-36 - (-85 + 43))?
-17
Calculate (10 - (-4 + (7 - -12))) + -31.
-36
What is 6 + (-22 + -12 - -69)?
41
What is 78 + (-52 - -62 - 42) + -1 + 10?
55
Evaluate (5 - 17) + -4 + 1400 + -1304.
80
Calculate -2 - (24 - (16 - (-44 + 24))).
10
Calculate (1 - 2 - -23) + (138 - (117 + 12)).
31
Evaluate 70 - 63 - (-45 - -28).
24
Evaluate -35 - -35 - (-3 - -3 - 0 - 25).
25
Evaluate (-1 - -2) + -47 + -420 + (836 - 434).
-64
(7 - -56) + -150 + 21
-66
Calculate 5 + (-40 - (-56 - 14)).
35
What is (80 - -16) + (101 - 208)?
-11
Calculate (-9 - 0) + (-3 - -2 - -19) + -1 + -13.
-5
Calculate (-1 + -42 - 7) + -170 + 188.
-32
What is the value of (-1977 - -1979) + (-15 - (2 + -5))?
-10
Calculate -83 + (0 - 9) + 112.
20
140 + (-28 - -54) + -20 + -19
127
What is the value of -48 + (15 - 23) + 23?
-33
Calculate (-10 - (5 + (3 - -20))) + (15 - -1).
-22
Calculate 13 + 7 + (-18 - (2 - 2)) - -11.
13
(-5 + -1 - -3) + -2 - (91 + (-37 - -53))
-112
4 + 5 + -23 + -2 + 10 - 13
-19
What is 